 what is -113454 - 210165?
-323652
In base 5, what is -342 + -2421222?
-2422114
In base 11, what is a1 - -1121a64?
1122055
In base 5, what is -100143 + 22401?
-22242
In base 13, what is 3 + c8770b2?
c8770b5
In base 8, what is -621 + 660444?
657623
In base 4, what is -1311002203 - 301?
-1311003110
In base 3, what is -2002211011021020002 + -10?
-2002211011021020012
In base 2, what is -11010 + 110101010000100110001100?
110101010000100101110010
In base 12, what is -a7a - -16582?
15704
In base 9, what is -53620016 - -1?
-53620015
In base 15, what is -640c - 1e5?
-6602
In base 9, what is -13482 - -22613?
8121
In base 13, what is -43694 + -453?
-43b17
In base 9, what is -3778 - 4584?
-8473
In base 6, what is -20 - -452223?
452203
In base 12, what is 30b8ba - 1?
30b8b9
In base 2, what is -1001000111110010100010100 + -10?
-1001000111110010100010110
In base 15, what is 44 - -b913d9?
b9142d
In base 6, what is 235 - 221330?
-221051
In base 3, what is -111000120102102 + -1220?
-111000120111022
In base 5, what is -310 + 424220?
423410
In base 6, what is -44101300 + 1503?
-44055353
In base 7, what is -3116452 + 121?
-3116331
In base 2, what is 100110111100110111 - -11010?
100110111101010001
In base 9, what is 1 - 4175646?
-4175645
In base 5, what is 1 + -2110110134?
-2110110133
In base 12, what is -9b2 - -108b0?
baba
In base 6, what is 411 - -1043143?
1043554
In base 12, what is 45b8369 + -22?
45b8347
In base 13, what is -2988 - -25001?
22346
In base 13, what is 2b86bc9 + -3?
2b86bc6
In base 4, what is -2132302 + -131132?
-2330100
In base 12, what is 85a0 - -239?
8819
In base 9, what is 1466 + -1008240?
-1006663
In base 11, what is 1 - 7a3467?
-7a3466
In base 8, what is -346 - 545457?
-546025
In base 15, what is -1 - 1343aee?
-1343b00
In base 16, what is 35e87a + d?
35e887
In base 8, what is -3265 + -3702?
-7167
In base 11, what is -997386 - -12?
-997374
In base 16, what is 37bb96 + 2?
37bb98
In base 15, what is 2 - 8dbcd2?
-8dbcd0
In base 5, what is 10 - 122440210320?
-122440210310
In base 5, what is 322123432 + 20?
322124002
In base 3, what is 20010 - 1220111000?
-1220020220
In base 2, what is 101111100 - 1000000011001001001?
-1000000010011001101
In base 10, what is 7885 - -1378?
9263
In base 14, what is b - -22d0707?
22d0714
In base 13, what is 2 - 2092040?
-209203b
In base 8, what is -1562 + -23512?
-25274
In base 8, what is -62 - -21147655?
21147573
In base 13, what is -5c - 103a66c?
-103a6cb
In base 13, what is 34 - -2608a8a?
2608ac1
In base 7, what is 14033264 + -642?
14032322
In base 3, what is 10 - -11202010202021011?
11202010202021021
In base 13, what is -226 + -1790b?
-17b34
In base 6, what is 40214302104 - -1?
40214302105
In base 10, what is -2713865 + -68?
-2713933
In base 15, what is 725764 + 2?
725766
In base 12, what is 66229aa2 + 0?
66229aa2
In base 3, what is 212 - 21002121222012?
-21002121221100
In base 12, what is -5 - -292299aa?
292299a5
In base 15, what is -1c1 + -ca61?
-cc32
In base 2, what is 111101000110010 - 10110001100?
111010010100110
In base 10, what is 6 - 1892224?
-1892218
In base 8, what is -17406570 - 4?
-17406574
In base 11, what is 2234938 + 172?
2234aaa
In base 2, what is 11000010011111 + 10001000001001100?
10100000011101011
In base 12, what is 8a3 - -3814?
44b7
In base 15, what is -36c1 - -20?
-36a1
In base 3, what is 11 + 10020200121010210?
10020200121010221
In base 3, what is -2102021001121 - -10212?
-2102020220202
In base 5, what is 1404400322 - -10?
1404400332
In base 4, what is -30000131 + 2033032?
-21301033
In base 7, what is 3 + 2352544540?
2352544543
In base 6, what is 0 - 10500205423?
-10500205423
In base 5, what is -2304 + -404203?
-412012
In base 4, what is 2302103123 - 2?
2302103121
In base 3, what is -21012120201221 + 1?
-21012120201220
In base 8, what is -2 - 10174252?
-10174254
In base 5, what is -411110041133 + 2?
-411110041131
In base 4, what is -32013203101 - -10?
-32013203031
In base 11, what is 3 + -512a594?
-512a591
In base 15, what is 89a3 + -5ce?
83c4
In base 16, what is e1191 + -12b?
e1066
In base 11, what is 10a7a2 - 5?
10a798
In base 13, what is -b3a23c2 + 3?
-b3a23bc
In base 16, what is 0 - -12a0f0?
12a0f0
In base 3, what is 111101 - 2101112112?
-2101001011
In base 10, what is 8275755 - 4?
8275751
In base 8, what is -64322 + 1741?
-62361
In base 16, what is -e77 - -285d?
19e6
In base 9, what is -65176 + 1841?
-63235
In base 13, what is -16 + -cac64b?
-cac664
In base 2, what is 101110111100000100101101110 - 101?
101110111100000100101101001
In base 15, what is 3d8d71e - -2?
3d8d721
In base 2, what is -1010101100 - -10111000111?
1100011011
In base 8, what is -24071610345 + -3?
-24071610350
In base 2, what is 1000001111101000111000 - 10100101?
1000001111100110010011
In base 8, what is 44 + -716272?
-716226
In base 9, what is -501002 - -1245?
-488646
In base 13, what is -5b8 - 8768?
-9053
In base 3, what is -2210 + 10201012210?
10201010000
In base 13, what is 509c82 - -1b?
509ca0
In base 13, what is -1 + 459673?
459672
In base 3, what is -22 + 110012111120012?
110012111112220
In base 10, what is 4 + 60476537?
60476541
In base 15, what is -3ee534 + -2?
-3ee536
In base 13, what is -b202 + -2128?
-1032a
In base 16, what is 847a - -27b?
86f5
In base 8, what is -220410532 - 2?
-220410534
In base 14, what is 9566abc1 + 5?
9566abc6
In base 8, what is 22220032 - -336?
22220370
In base 8, what is -251455 - -16?
-251437
In base 13, what is -117 + 29a26?
2990c
In base 4, what is 2113032 + -202?
2112230
In base 15, what is e6bc0 + 423?
e70e3
In base 8, what is -12243116 - 5?
-12243123
In base 10, what is -5 - 10137647?
-10137652
In base 6, what is -310431531 + 113?
-310431414
In base 9, what is 755 - -854?
1720
In base 8, what is -16 - -52312551?
52312533
In base 16, what is -704a - -1bd?
-6e8d
In base 16, what is -400a6 + -82c?
-408d2
In base 6, what is -32 - 32420110?
-32420142
In base 15, what is a6d92c66 - -1?
a6d92c67
In base 3, what is -11 - 10102021000102?
-10102021000120
In base 8, what is -10422 - 11330?
-21752
In base 6, what is -103345152 - -1320?
-103343432
In base 16, what is -98 + -17b7?
-184f
In base 15, what is 2 - -4a8a78b?
4a8a78d
In base 11, what is -268 - 24281?
-24539
In base 3, what is -2 + 110211122002112?
110211122002110
In base 7, what is 11 - -464216136?
464216150
In base 10, what is 29 - -22421945?
22421974
In base 7, what is 4550 + 33106?
40656
In base 5, what is -3320011243 - 120?
-3320011413
In base 3, what is -1211110 + 1200212020?
1122000210
In base 14, what is -c - 92992c1?
-92992cd
In base 10, what is 2392985016 - 2?
2392985014
In base 2, what is -11000100111000001011 - 10111111001?
-11000101010000000100
In base 2, what is -11 + 1001010100100100111001100?
1001010100100100111001001
In base 6, what is -10415152 - -404?
-10414344
In base 10, what is 1197908 + -168?
1197740
In base 15, what is -5 - -84892c?
848927
In base 5, what is -3 - 3100034240?
-3100034243
In base 15, what is 1b79b + 2ad?
1ba59
In base 12, what is -2 + -16295a5?
-16295a7
In base 5, what is -2131042 - 2121?
-2133213
In base 15, what is 6197 - -39a?
6542
In base 4, what is -2 - 100023212112?
-100023212120
In base 13, what is -540219 - -24?
-5401c5
In base 16, what is cd92b - -60?
cd98b
In base 4, what is 20233 + -31003012?
-30322113
In base 10, what is -151 + 123117?
122966
In base 8, what is -160161207 - -2?
-160161205
In base 12, what is -212 + 138248?
138036
In base 5, what is -234422201 + 13?
-234422133
In base 16, what is 5dcfe - -3b?
5dd39
In base 14, what is dbb - -2d870?
3084b
In base 2, what is -110001010011100000 + 1?
-110001010011011111
In base 11, what is -3 + -1a5a4150?
-1a5a4153
In base 6, what is 30 - -11310000?
11310030
In base 14, what is 239a2360 + -2?
239a235c
In base 6, what is -1412505 - -1523?
-1410542
In base 16, what is -1717 + 37?
-16e0
In base 7, what is -35 + 35244432?
35244364
In base 4, what is 121030302003 - -1?
121030302010
In base 3, what is 21012201120011 - -111?
21012201120122
In base 15, what is -952 - 47cd?
-5230
In base 15, what is -256 + d9bc?
d766
In base 15, what is 7 + -288068?
-288061
In base 8, what is -24055 + 72307?
46232
In base 6, what is -42050020 - 10?
-42050030
In base 3, what is -121202212 + -112112111?
-1011022100
In base 8, what is 31 - -10232057?
10232110